2*y = -101. What is the highest common divisor of c and 133?
19
Let o = -505 - -550. Calculate the greatest common factor of 345 and o.
15
Suppose 616*n = 609*n + 504. What is the highest common divisor of n and 180?
36
Let b(o) = -23*o**3 + 2*o**2 + o. Let g be b(-1). Let u be (g/(-18))/((-3)/9). What is the highest common divisor of u and 1?
1
Suppose -2*d + 136 = v, -v - d + 170 - 37 = 0. What is the highest common divisor of 80 and v?
10
Suppose 16 = 4*a, -4*a - 12 = -2*i - 0. Let t be (-4)/i - 760/(-14). What is the greatest common divisor of 18 and t?
18
Let w(p) = p**3 - 8*p**2 + 4*p - 11. Let b be w(8). Let v be 47/(-9) - (5 - 282/54). Let n = b + v. What is the greatest common factor of 160 and n?
16
Suppose 4*j - 5*j + 6527 = 4*z, 2*j + 2 = 0. Let a be (3/2)/(17/z). Calculate the greatest common factor of 16 and a.
16
Let j(k) = k - 1. Let x be j(3). Let s(d) = d**3 + 5*d**2 - 2*d - 4. Let y be s(-1). What is the greatest common factor of y and x?
2
Suppose 58*b - 304 = 50*b. Let i = 11 - -84. Calculate the greatest common factor of b and i.
19
Let s = -69 - -91. Let h = s + -19. What is the highest common factor of 2 and h?
1
Suppose 2*j - 2*n = 50, -8*j - 98 = -12*j + 2*n. What is the greatest common divisor of j and 9?
3
Let p(w) = w**3 - 2*w**2 + 1. Let v be p(3). Suppose -984 - 346 = -19*x. What is the greatest common divisor of v and x?
10
Let b = -63 + 101. Let i be -1*(b + 0) - 0. Let r be i*1*(-2)/4. What is the greatest common divisor of 57 and r?
19
Let n(q) = q**2 - 2*q. Let l be n(5). Suppose -v = -6*f - 4*v + 465, 50 = f - 5*v. Calculate the greatest common divisor of f and l.
15
Let t be ((-4)/(-4))/(1/65). Let n = t + -62. Calculate the highest common factor of n and 3.
3
Suppose -27 = -6*y + 3. Suppose -y*j + 2 - 12 = 0, -2*n - 2*j = -16. Calculate the highest common divisor of n and 20.
10
Suppose -16*j + 888 = 8*j. Let v(a) = 108*a + 40*a + 0*a. Let r be v(1). Calculate the highest common factor of j and r.
37
Suppose 3*f + 16 = -89. Let n = f - -83. What is the highest common factor of n and 24?
24
Suppose -5*d + 58 = 3*b, -46 = -3*d - 391*b + 392*b. Let z(u) = 2*u**2 - u - 7. Let i be z(-7). What is the highest common factor of i and d?
14
Suppose -5*v - z - 1 = -14, -z = -3*v + 3. Let k(t) = -7 + v + 3 - 4*t. Let y be k(-2). What is the greatest common factor of y and 54?
6
Suppose -3*i + 116 = i. Let v = -16 + i. Suppose 3*c - 2 = v. Calculate the greatest common factor of 5 and c.
5
Let v be (-318)/18*-13 + (-2)/3. Suppose -716 - v = -5*g. What is the greatest common divisor of 21 and g?
21
Suppose 7*g - 291 = -67. What is the greatest common divisor of g and 4?
4
Suppose 3*w = 5*l - 23 - 220, -3*l = w - 143. Let f(o) = -o**3 + 10*o**2 - 8*o - 3. Let u be f(9). Calculate the greatest common factor of l and u.
6
Let c(k) = -k**3 - 8*k**2 - 9*k + 6. Let y be c(-7). Suppose 10*a - 858 = -58. Calculate the highest common factor of y and a.
20
Let p(u) = 5*u - 7 - 4*u + 2 - 7. Let v be p(-10). Let m = v + 27. Calculate the highest common divisor of m and 45.
5
Let o = 18 + -23. Let w(s) = -5*s**3 - 6*s - 4. Let i be w(o). Let c be i/3 - (1 - 0). What is the greatest common factor of c and 27?
27
Let k(s) = -s**3 - 9*s**2 - 6*s + 12. Let r be k(-9). Let o = r + -47. What is the highest common factor of o and 57?
19
Let u be 12 + (4 - 3) + 38. What is the greatest common factor of u and 323?
17
Suppose 14*i - 2109 = -723. What is the greatest common divisor of i and 18?
9
Suppose k - 2*k = 0. Suppose m + 3*y - 36 = k, 4*y - y - 6 = 0. Calculate the highest common factor of 75 and m.
15
Let d(s) = -2*s**3 + 12*s**2 - 8. Let x be d(6). Let z be -1 + x/(-6) - (-380)/12. Calculate the highest common factor of z and 4.
4
Let u = 2 - 9. Let j(y) = y**3 + 6*y**2 - 8*y. Let i be j(u). Let f(d) = 4*d**2 - 9*d + 2. Let z be f(i). Calculate the highest common divisor of z and 15.
15
Suppose 5*o = -u + 87, 42*o - 79 = 37*o + 3*u. Calculate the greatest common factor of 85 and o.
17
Let m(a) = a**3 + 12*a**2 + 9*a + 10. Let q be m(-11). Let t = q - 24. Calculate the highest common divisor of 16 and t.
8
Let f be ((-4)/(-8))/(15/(-16) + 1). Let m(b) = b**2 - 5*b + 11. Let h be m(6). Suppose f = -13*c + h*c. What is the highest common factor of 2 and c?
2
Let l = 118 - 70. Let w = 76 + -46. Let v = w - 24. Calculate the greatest common divisor of v and l.
6
Let o be (-551)/(-3) + 8/24. Calculate the greatest common divisor of o and 644.
92
Suppose -2*y + 6 = -i - 7, 3*i = -3. Let p = -3 - -7. Suppose p*s + 2 = 18. What is the greatest common divisor of y and s?
2
Suppose -6*u + 240 = -36. Suppose 3*c + i + i - 960 = 0, -3*c + 2*i = -972. Calculate the greatest common divisor of u and c.
46
Let m = 10 + -11. Let g(t) = -7*t - 2. Let z(o) = -o - 1. Let d(v) = m*g(v) - 5*z(v). Let r be d(9). What is the highest common divisor of r and 46?
23
Suppose 7*m - 5*m + 128 = 2*i, -5*i + 312 = -3*m. What is the highest common factor of 380 and i?
20
Let m be (12/1)/(4/6). Suppose 5*s - 10*s = -360. What is the greatest common divisor of s and m?
18
Let z(n) = n**3 + 35*n**2 - 4*n - 115. Let l be z(-35). Calculate the greatest common divisor of 1 and l.
1
Suppose -4*m + 98 = -78. Suppose 8*q = 4*q + m. Suppose 30 = -q*u + 14*u. What is the greatest common divisor of 25 and u?
5
Let h(n) = 4*n**3 - n**2. Let f be h(-1). Let y = f - -7. Let z be 13 - (y/2 - 2). What is the highest common factor of 98 and z?
14
Suppose -o = c - 14 - 22, 2*c + 8 = 0. Calculate the highest common factor of o and 680.
40
Suppose 0 = -4*c - 2482 + 502. Let g be ((-12)/(-5))/((-18)/c). Let w = 105 - g. Calculate the highest common divisor of 13 and w.
13
Suppose t = -u + 6, 3 = 3*t - 5*u + 1. Suppose -124*f - 3 = -125*f. Suppose t = s - f. Calculate the greatest common divisor of s and 7.
7
Suppose 0 = -b + 21 + 12. Let j = -16 + b. What is the greatest common divisor of 85 and j?
17
Let q = 162 - -302. What is the highest common divisor of q and 16?
16
Let z be 122/((-3 - -5)/2). Let g = 362 + z. Suppose -3*q + g = -q. Calculate the greatest common divisor of q and 22.
22
Suppose -c + 3*a + 7 - 3 = 0, -5*a = 2*c + 3. Suppose r + c = 2*s, 11 + 0 = r + 4*s. What is the greatest common factor of 1 and r?
1
Let m be (6/7)/(4/14). Suppose 4*o + m*s + 3 = 51, 4*o - 5*s = 16. What is the highest common divisor of o and 99?
9
Let l(p) = p - 22. Let k be l(19). Let u be k/9*-3*7. Calculate the highest common factor of 63 and u.
7
Let y be 4/(-2)*-3 - (-120)/10. Suppose -32 - 58 = -5*k. What is the greatest common divisor of k and y?
18
Let v(f) = -f**3 - 5*f**2 + 3. Let p be v(-5). Suppose -d - 2*c = p*c - 31, 145 = 4*d - c. Suppose -z + 19 = -71. What is the highest common divisor of d and z?
18
Suppose -5*p - 2*y - 302 = 0, 5*p = -7*y + 2*y - 305. Let h be p/9*(-10 + 1). Let z = 37 + 3. What is the highest common divisor of z and h?
20
Let n = 36 - 16. Suppose n = 6*r - 196. What is the greatest common divisor of 9 and r?
9
Let p(g) = g**2 + 6*g - 37. Let t be p(-15). Calculate the highest common divisor of 14 and t.
14
Let g(h) = -10*h + 12. Let o be g(2). Let m be (-5)/20 - 2/(o/13). Calculate the greatest common divisor of 1 and m.
1
Suppose 2*o + 3*q - 115 = -2*q, -5 = 5*q. Let z = -2 + 100. Suppose 5*i = -23 + z. What is the greatest common divisor of o and i?
15
Suppose 5 = -t, 2*h + 2*h - 3*t = -53. Let f be -17 - h - (-150)/2. What is the highest common divisor of 30 and f?
15
Suppose -19*g + 324 = -588. Calculate the greatest common divisor of g and 200.
8
Let m be 6 + 130/(-15)*-3. What is the highest common factor of 4 and m?
4
Let c(y) = 28*y - 1. Let o be c(1). Suppose -4*b = -23 - 9. Let r = b + 1. What is the greatest common divisor of o and r?
9
Let o = 31 + -29. Suppose -o*s = -s. Suppose m - 5*m + 20 = s. Calculate the highest common factor of 25 and m.
5
Let f(i) = -7*i - 16. Let h be f(-7). Suppose k - h = 136. What is the highest common divisor of 13 and k?
13
Let r(q) = 5*q - 38. Let a be r(8). Suppose 6*v - 2*v - 64 = 0. Let d = v + -8. Calculate the highest common divisor of a and d.
2
Let m = 2 + 25. Let i be (2 + m/(-12))/(8/(-928)). What is the highest common factor of 232 and i?
29
Suppose -5*o + 455 = -1975. What is the greatest common facto